(r) = r**3 - 7*r**2 - 4*r - 14. Let p be c(7). Let y = -41 - p. Let o be y - 1 - 300/(2 - 4). Calculate the greatest common factor of 15 and o.
15
Suppose 43 = 4*n - o, 4*o = -5*n - 14 + 52. Suppose -p - n = -198. What is the greatest common factor of p and 47?
47
Suppose 104 = 6*p + 92. Suppose -t - 4*s + 15 = 0, -p*t - 5*s + 150 = 3*t. Calculate the greatest common factor of 14 and t.
7
Let o(j) = -33*j + 7. Let x be 0 + ((-12)/3 - (-4 + 3)). Let i be o(x). Let g = i + -50. Calculate the greatest common factor of g and 8.
8
Suppose -103*g = -472*g + 3046464. What is the highest common divisor of 258 and g?
258
Let b(n) = -n**3 + 8*n**2 - 3*n - 17. Let j be ((-56)/20)/(3/(-45)). Suppose 0 = h + 5*h - j. Let g be b(h). What is the greatest common divisor of 33 and g?
11
Let w = 3630 - 2111. Calculate the highest common divisor of 21 and w.
7
Let g be 14462 + 105/(-42)*((-3)/(-3) + 1). Calculate the greatest common divisor of 183 and g.
183
Let a = 212 - 212. Suppose -24 = -0*c - c. Suppose 27*v - c*v - 48 = a. Calculate the highest common divisor of v and 32.
16
Let o = -635 + 634. Let v(h) = -14*h + 3. Let f(m) = -14*m + 4. Let l(j) = -4*f(j) + 5*v(j). Let c be l(o). Calculate the highest common divisor of c and 78.
13
Suppose 0 = 21*h - 11*h + 50. Let o(j) = -3*j**2 + 34. Let u be o(h). Let m = u - -349. Calculate the greatest common factor of 28 and m.
28
Suppose -4*s + 167 = 5*a, -4*s - 139 = -8*s - a. Suppose 0 = 3*d - 8 + 2. Suppose d*b = 10, o + 3 = -b + 30. Calculate the greatest common divisor of s and o.
11
Let g = -11158 - -12940. Calculate the highest common factor of g and 110.
22
Suppose 152 - 12 = 5*s. Let g be (s - -2)/(7/14). Suppose 0 = -8*v + 2*v + g. What is the greatest common divisor of 5 and v?
5
Let j(z) = z**3 - 10*z + 4. Let v be j(3). Let m be (0 + -9)*(-6)/18. Suppose -m*p + 6*p - 24 = 0. What is the highest common divisor of v and p?
1
Let l be 75/(-12)*1680/(-350). What is the highest common factor of l and 2490?
30
Let s = 1589 + -1086. Let d be (-198)/(-297) - s*4/(-6). What is the greatest common divisor of d and 72?
24
Suppose 303 = 3*n + 330. Suppose -2*h = -0*h - 4. Let p be ((-12)/n)/h*6. Calculate the highest common divisor of 8 and p.
4
Suppose -373*q + 408*q - 1155 = 0. What is the greatest common divisor of q and 2189?
11
Let z be (-1)/((36/354)/6). Suppose 0 = 3*y + 279 + 21. Let i = z - y. Calculate the highest common factor of 451 and i.
41
Let a = 5690 + 3002. What is the highest common factor of 328 and a?
164
Let p = 17695 + -17650. What is the greatest common divisor of p and 10305?
45
Let v = -25 - -21. Let n be v*(3 - (-35)/(-10)). Suppose 3*m = 2*a - 19, 58 = 5*a + n*m + m. What is the highest common factor of a and 11?
11
Let b = 15417 - 9507. What is the greatest common factor of 60 and b?
30
Let p be 4 - 130/35 - 3912/(-28). Let g = -261 + 421. Calculate the highest common divisor of p and g.
20
Let t = -20064 + 20103. Calculate the greatest common divisor of 377 and t.
13
Suppose -93*d + 164580 + 79369 = 34327. What is the greatest common divisor of d and 28?
14
Suppose -7*j = -23*j + 288. Let z = -124 + 250. What is the highest common factor of z and j?
18
Suppose -25*m = -28*m. Suppose m = -76*s + 72*s + 16. Suppose k = -s*k + 130. Calculate the greatest common divisor of 286 and k.
26
Suppose -360*q + 353*q + 73780 = 0. Suppose 35*i - 45*i = -q. What is the greatest common divisor of 17 and i?
17
Suppose 2*h = -64*h + 3894. Calculate the greatest common divisor of 6962 and h.
59
Let o be ((-18)/(-10))/((-4)/(-80)*4). Suppose -18*j = -1369 - 737. What is the greatest common factor of o and j?
9
Let p be -2 - (-10 + (6 - 3)). Suppose -p*r = -5*n + 30, -4*r - 17 = 2*n - 5. Suppose -n*a - 2 = -6. Calculate the greatest common divisor of 2 and a.
2
Suppose -14*g + 456 = -16*g. Let n = g + 286. What is the highest common factor of n and 232?
58
Suppose -3*x = 0, w + 31 = 2*w + x. Suppose m = w - 11. Let t be 11 + (-11)/((-132)/(-36)). Calculate the highest common factor of t and m.
4
Let o be (-9)/(-21) + (-22)/(-14). Let a(b) = -b**3 - b**2 + 3*b. Let z be a(0). Suppose z = -51*u + 46*u + 20. What is the highest common divisor of u and o?
2
Suppose 3*g - 4102 = -2*t, 7*g - 10*g = -4*t - 4144. Calculate the highest common divisor of 266 and g.
14
Let r be 1480 + ((-9)/2 + 7)*2. Calculate the highest common factor of r and 90.
45
Let c = 148 + -74. Suppose 0 = 42*o - 51 - 33. What is the greatest common divisor of o and c?
2
Let a(r) = r**2 + r + 60. Let g be a(0). Suppose x = 3*b + 13, -4*x + 96 - 12 = -4*b. Let i = 37 - x. What is the greatest common factor of g and i?
12
Let a(b) = -31*b - 101. Let c be a(-8). Let y be (-125)/(-6) + 32/192 + 0. What is the greatest common divisor of y and c?
21
Suppose x + 23 = d - 247, -2*d - 5*x = -540. Let s = -191 + d. Calculate the greatest common factor of s and 632.
79
Let x = 2978 + -2861. Calculate the highest common divisor of x and 3237.
39
Suppose -25644 = 35*d - 39*d - 2*y, 32085 = 5*d - 5*y. Calculate the greatest common factor of d and 53.
53
Suppose -4*w = -4*f - 11360, 2*f - 2825 = -31*w + 30*w. What is the greatest common factor of w and 147?
21
Suppose -57*j + 3950 = -52*j. Let y = -583 + j. Calculate the greatest common factor of 36 and y.
9
Let w be (56/(-6) - 0)/((-76)/1026). Calculate the greatest common divisor of w and 140.
14
Suppose -8*n + 0*n - 3*n = -275. Calculate the highest common factor of n and 1450.
25
Suppose 267*s = -271*s + 530*s + 11680. What is the greatest common factor of s and 40?
20
Suppose -u + 5*q - 10 = 0, 2 = 2*q - q. Let z(m) = 24 - 70 + 4*m + m + u*m. Let k be z(10). Calculate the greatest common divisor of 4 and k.
4
Let f be (3 - 1)/(((-10)/3)/(-5)). Suppose 0 = 2*q - f*c - 258, -4*q = -q + c - 409. Let h = q - 123. Calculate the highest common factor of h and 132.
12
Suppose -4*o - 20 = 0, 3*n + 3*o = 27 + 6. What is the highest common divisor of 208 and n?
16
Suppose -5*o - 83 = -293. Let j be 0 - 4 - (15/(-3) + 1). Suppose 2*g + j*v = v + 418, -1042 = -5*g + 4*v. What is the highest common factor of o and g?
42
Let r be (-48)/(-10) - 1/(-5). Let a = -71 + 101. Suppose -2*h + 2*d + 10 = -20, -h + 4*d + a = 0. Calculate the highest common divisor of r and h.
5
Let b(o) = 12*o**2 - 66*o - 86. Let l be b(13). What is the highest common divisor of 12 and l?
4
Let h be ((-14)/21)/((-2)/(-66)). Let n = -15 - h. Let a = -7836 - -7843. Calculate the highest common divisor of a and n.
7
Let a = -140 - -156. Let o be -12*((-8)/a - 0). Let u(q) = -q - 2. Let h be u(-4). Calculate the highest common factor of o and h.
2
Let t(j) = -1479*j**3 - 8*j**2 - j + 7. Let p be t(-1). What is the highest common factor of p and 174?
87
Let u be 35*(11 - (0 + -3)). Suppose u = -52*x + 57*x. Suppose -d - 56 = -5*d. What is the highest common divisor of d and x?
14
Let s be (-129 - -144) + (-1 - -12). What is the highest common divisor of 1664 and s?
26
Suppose 9*q + b - 628 = 6*q, 4*q = 3*b + 846. Let y be ((-6)/7)/((-3)/q). Let z be (4/(-6))/((-2)/36). Calculate the highest common factor of z and y.
12
Let t(j) = -634*j + 1334. Let k be t(2). What is the highest common factor of 14058 and k?
66
Let k = 12 + 86. Let v = 2818 + -2804. What is the greatest common factor of k and v?
14
Let w = -189 + 153. Let f(i) = -4*i + 6. Let g be f(w). What is the highest common divisor of 20 and g?
10
Let r be -16 + 20 - ((23 - 25) + -257*12). What is the highest common factor of r and 42?
6
Let d = -1265 + 1386. Calculate the greatest common divisor of d and 220.
11
Suppose 336 = 5*k + 936. Let n = k + 232. What is the greatest common divisor of n and 80?
16
Let d be 2*(-38)/16 - 152/608. Let m be (-2051)/(-7) + d + 2. Calculate the greatest common divisor of 116 and m.
58
Suppose -2*y = -11*d + 8*d + 30, 2*y + 54 = 5*d. Suppose 2*v = -d*v + 56. What is the highest common factor of 74 and v?
2
Let t = -107 - -71. Let f = t - -41. Suppose 2*u - 30*u + 700 = 0. What is the highest common divisor of f and u?
5
Let s(v) = -57*v - 2862. Let d be s(-90). Calculate the highest common factor of 672 and d.
84
Let a be (232/(-16))/(((-15)/6)/5). Suppose -p + a = 5*v - 22, -3*v = 3. Calculate the greatest common factor of 392 and p.
56
Let g(r) = 